. Let w(i) = -i**2 - i - 1. Let q(m) = -o(m) + 4*w(m). Is q(5) a prime number?
True
Let y = -1 - -1. Suppose -3*j + 2*r = j - 318, 3*j + 5*r - 232 = y. Suppose 0 = -b - 3*m + j, -5*b - 3*m = -401 - 42. Is b prime?
False
Suppose 0 = b - 2*b + 66. Let g(x) = -3*x**2 - 146*x**3 + 1 + 2*x + 2*x**2 - x - b*x**3. Is g(-1) prime?
True
Let l = 10 - 16. Let d be 459/15 + l/(-15). Let j = 69 - d. Is j a composite number?
True
Suppose -p + 4 = 2*m, 0*m + 3*m - 1 = p. Suppose 3*i = q - 58, -p*i + 163 = -4*q + 7*q. Let l = q + -20. Is l a composite number?
True
Suppose 0 = -2*c - t + 26, 0*c - 2*c - 2*t = -22. Suppose c = 2*w - 29. Suppose -w = -2*l - 0. Is l prime?
True
Suppose -h = -3*g - 28, -4*g + 1 = 5*h - 177. Suppose -412 - h = -2*j - 5*k, 5*j = 2*k + 1115. Is j composite?
False
Let g = -63 + 674. Is g a prime number?
False
Is 259/4 - (-3)/12 composite?
True
Suppose -3*i + 2*v = 4*v - 2029, 2*i - v = 1362. Is i a composite number?
True
Suppose -2*p + 3*p = 8. Let u be (4/6)/(p/4548). Suppose 4*v + 3*d - 91 = 3*v, -4*d = -5*v + u. Is v a composite number?
False
Let b(j) = 51*j**3 + 2*j**2 - j + 1. Let m be b(2). Suppose -3*a + 1168 - m = 0. Is a composite?
False
Let f = -41 + 8. Let u be (-4)/(-22) + (-2997)/f. Suppose y - u = -n, 5*n + 2*y - 360 = n. Is n composite?
False
Suppose 2*l = -3*z - l + 1551, 0 = 3*z - l - 1567. Is z a composite number?
False
Let d(o) = 296*o + 1. Let r be d(1). Suppose 0 = -0*h - 4*h + 680. Let l = r - h. Is l a prime number?
True
Suppose 4*v - 223 - 137 = 0. Suppose 43 = -z - 10. Let x = z + v. Is x prime?
True
Let i be (6/(-4))/(2/4). Let n = i - -5. Suppose -g = n*g - 66. Is g a composite number?
True
Let w = -1178 - -2185. Is w prime?
False
Let a(s) = -16*s**2 + 7*s - 1. Let t(r) = -17*r**2 + 6*r - 2. Let b(v) = 2*a(v) - 3*t(v). Is b(-5) prime?
True
Is (-107)/(-2)*(-4)/(-1) prime?
False
Suppose -5*x = -x - 3080. Suppose 5*l = -0*l + x. Suppose y + y = l. Is y a prime number?
False
Let k(t) = -1 - t**3 - t**3 - 2*t**3. Let n be k(-1). Suppose n*g - 178 = 179. Is g a prime number?
False
Suppose -3*t + 11 - 2 = 0. Suppose -2*y + 4*l - 152 = -6*y, t*l = -15. Is y composite?
False
Let a = 10 + 19. Let o = a + 8. Is o a prime number?
True
Is 0 - (0 + -4) - -115 a composite number?
True
Let q = 534 - 102. Suppose 4*x = 3*k - 479, 3*k - 5*x - q = 46. Is k a prime number?
False
Suppose 5*i = -0*i + 175. Is i a prime number?
False
Let g = -561 - -963. Suppose -3*s = -3*a + 1386 - g, -5*a + 1634 = s. Is a a composite number?
True
Let n(w) be the third derivative of w**8/10080 - w**6/180 - w**5/15 + 2*w**2. Let u(h) be the third derivative of n(h). Is u(-3) a prime number?
False
Let t = 342 + -222. Let r = t + -61. Is r a prime number?
True
Let g(n) = 10*n**2 + 3*n + 3. Is g(6) a composite number?
True
Let c be 94/(-3)*(-30)/4. Suppose c = 5*f - 0*f. Is f composite?
False
Let z(c) = 9*c**2 + 4*c - 5. Let o(f) = 9*f**2 + 3*f - 5. Let x(b) = 7*o(b) - 6*z(b). Is x(4) a prime number?
True
Let g = -2 - -6. Let f(w) = -w**3 + w**2 - w - 1. Let r(q) = q**2 - q + 1. Let o(y) = -f(y) - 3*r(y). Is o(g) composite?
True
Let r(f) = -f**3 + 26*f**2 + 18*f + 25. Is r(22) a prime number?
True
Let n(k) = 10*k**2 - 4*k - 3. Let y be n(-3). Suppose 4*l - 5*m + 149 = -8*m, -3*l - y = -2*m. Let q = 20 - l. Is q prime?
False
Let m = 1279 + -1874. Let r = m + 968. Is r a prime number?
True
Suppose 2*x = -282 + 916. Is x prime?
True
Let i be 1*(-2 + 15/3). Suppose 0 = -4*x - i*n + 3, -2*n = -n + 3. Suppose x = 3*p, 43 = 3*b + p - 0*p. Is b a prime number?
False
Let t(v) = v**3 + 6*v**2 - 2*v + 6. Let a be t(-6). Let l = 44 - a. Is l a composite number?
True
Suppose 2*s - 39 = -2*w + 125, 2*s + 261 = 3*w. Is w composite?
True
Let m(l) = -1. Let k(w) = 4*w + 8. Let i(g) = k(g) + 10*m(g). Let a be i(-4). Is (-669)/a - 1/6 a prime number?
True
Let b(r) = 5*r**2 + 6*r + 3. Let u be b(-3). Let s = u - -21. Is s a prime number?
False
Is 225 + 4/((-5)/5) a composite number?
True
Is (-172)/(-3) + (-2)/(-3) a composite number?
True
Suppose 0*s - 5*k = -s - 1831, -5*s + 4*k - 9260 = 0. Is s/(-5) - 5/25 prime?
False
Let y(k) = -k**3 - 10*k**2 + k + 6. Let d be y(-10). Is 563/5 + d/(-10) a prime number?
True
Suppose 0 = -0*w + w - 20. Suppose -4*p = -8 - w. Suppose 0 = p*c - 3*c - 508. Is c composite?
False
Let d(h) = h**3 + 2*h**2 - 4*h + 1. Let q be d(-3). Let t(c) = -7*c. Let f be t(-1). Let p = f + q. Is p prime?
True
Suppose 3*z = -z + 3440. Suppose z = d + 3*d. Is d a prime number?
False
Is (-4)/(-20) - 1392/(-15) a composite number?
True
Suppose -2*t + 3*t = u + 17, -5*t = 2*u - 120. Suppose 2*q + 53 = j, 3*q - t = -4*j + 157. Is j composite?
False
Let f be -2 + 3 + 2*-1. Let p be 15/5 + f + 0. Is (-1)/p + (-71)/(-2) a composite number?
True
Let l(r) = 33*r - 16. Is l(10) prime?
False
Let g(a) = -119*a - 32. Is g(-9) a prime number?
True
Let d = -3 + 4. Let h = d - -66. Is h composite?
False
Let q = 116 + -22. Suppose -5*s + 55 = c - 391, s + 5*c = q. Is s a composite number?
False
Let g(j) = -j**3 - 8*j**2 - 2*j - 6. Let i be g(-9). Let u = -50 + i. Is u composite?
False
Suppose 6*u = 35 - 5. Suppose 40 = -u*s + 115. Is s composite?
True
Let f(n) = 2*n**3 + 8*n - n**3 + 11 - 10*n**2 + 0*n**3. Let o be f(9). Suppose -105 = -3*m - w, -o*m + 2*w = -6*m + 140. Is m prime?
False
Let s = -12 + 16. Suppose 4*q - 1380 = -s*m, 5*m - 2*m = 4*q - 1394. Is q a prime number?
True
Let d be 38*(-2 + 6/4). Let f = 86 + d. Is f a composite number?
False
Let h = -9 - -12. Is (35/h)/(4/12) a prime number?
False
Is (1 - -313)/(16/8) prime?
True
Let z = 16 - -58. Is z composite?
True
Suppose 6 = 4*b + 2*t - 2, -3*t = -4*b + 8. Suppose -b*k + 357 = k. Is k a composite number?
True
Suppose -4*i = a - 0*a - 453, -5*i + 918 = 2*a. Is a a composite number?
True
Let s(q) = -7*q**3 + 2*q + 1. Let x be s(-1). Suppose -x*z = 5*o - 5*z - 324, -5*o = 3*z - 322. Is o a prime number?
False
Suppose -o = 6 - 3, -2*o + 302 = 4*u. Is u a prime number?
False
Let p be (0 - -4)/((-6)/39). Let v = -15 - p. Is v prime?
True
Let z be 282/7 + (-2)/7. Suppose -2*k = 4*w - 374 - z, 3*w = -2*k + 416. Is k prime?
True
Suppose 0 = 3*h - 9, 15 = -3*s + 6*s + 2*h. Suppose 0 = -s*b - 82 - 23. Let y = 72 + b. Is y prime?
True
Let h(y) = -y**3 + 8*y**2 + y + 3. Let d be (-4)/(-2) + 7 + -2. Is h(d) composite?
False
Let i(j) = 7*j**2 + 2*j - 7. Is i(5) prime?
False
Let r(l) be the second derivative of l**4/2 + l**3/3 - l**2/2 + 4*l. Is r(-2) a prime number?
True
Let s(r) = -r**3 - 2*r**2 - 2*r - 1. Let x be s(-1). Suppose x = -2*y - y + 18. Suppose 0 = -3*u - y, 0*b - 247 = -5*b + u. Is b composite?
True
Let f(l) be the first derivative of -l**4/2 - l**3/3 + l**2/2 - 3*l - 5. Is f(-3) composite?
True
Suppose r - 233 = -2*z, -5*r - 4*z + 1165 = -0*z. Suppose 3*x + 258 = 3*i, -4*x = 3*i - 4 - r. Is i composite?
False
Suppose 2*g + 0*g = -2. Let b(w) = -223*w**3 - w**2 + 1. Is b(g) composite?
False
Let j = 189 + 332. Is j prime?
True
Let t(z) = 1. Let h(u) = u - 2. Let s(l) = 3*h(l) + 7*t(l). Is s(3) prime?
False
Let z(l) = -l**3 - 6*l**2 + 3*l + 8. Let f be z(-8). Suppose f - 12 = 4*m. Is m prime?
False
Let j(s) = -138*s - 10. Is j(-6) a prime number?
False
Let o(x) = -x**2 + 4*x - 1. Let p be o(5). Let n(y) be the first derivative of y**3 - 9*y**2/2 - y - 12. Is n(p) prime?
False
Suppose 2*s = 4*g - 2*s + 196, 196 = -4*g - 3*s. Let c = -32 - g. Let t = 32 - c. Is t a composite number?
True
Suppose -x = -5*c + 128 - 4, 0 = 5*c + 3*x - 128. Let l = c - -3. Suppose -p = p - l. Is p a prime number?
False
Suppose 0 = 5*q - 5 - 5. Suppose 222 = 4*p + c, q*c = -4*p - c + 226. Is p composite?
True
Suppose 2*j + j - 12 = 0, -3*j = 2*v - 36. Let r(l) = 20*l - 17. Is r(v) a composite number?
False
Let l(h) = 251*h + 2. Is l(1) a prime number?
False
Let x(o) = -418*o**3 - 3*o - 2. Is x(-1) a composite number?
False
Let n = -446 + 739. Is n a prime number?
True
Let w(a) = -a + 8. Let m be w(0). Let t = -4 + m. Suppose -4*u + 5*u + 3*c = 74, 0 = t*c + 20. Is u composite?
False
Let g(t) = -8 + 2*t**3 + 8 - t**2 - 2 + 2*t**3. Is g(3) a composite number?
False
Let b be (8/12)/((-1)/9). Let s(d) = d**3 + 6*d**2 - 2*d - 7. Let p be s(b). Suppose p*z + 104 = 1389. Is z composite?
False
Let m be 0*(-2)/4 - 0. Suppose 0 = -2*k - m*